{"id":1014,"date":"2026-03-11T09:49:10","date_gmt":"2026-03-11T09:49:10","guid":{"rendered":"https:\/\/cuadrosperico.com\/?post_type=product&#038;p=1014"},"modified":"2026-03-20T16:07:56","modified_gmt":"2026-03-20T16:07:56","slug":"marina-de-santander-80-40","status":"publish","type":"product","link":"https:\/\/cuadrosperico.com\/?product=marina-de-santander-80-40","title":{"rendered":"VISTA DEL CAMELLO. 80\/40"},"content":{"rendered":"<p>Esta es una pintura de estilo expresionista o impresionista que representa una escena de costa oscura y tormentosa.<\/p>\n<p>La obra, de pinceladas gruesas y texturizadas, muestra un mar agitado con espuma blanca rompiendo contra rocas oscuras y afiladas en primer plano. Detr\u00e1s de las rocas se extiende una pen\u00ednsula o isla boscosa de color verde oscuro, bajo un cielo cubierto de nubes dram\u00e1ticas y borrascosas en tonos de gris, azul y ocre. La paleta de colores es sombr\u00eda, con dominio de tonos fr\u00edos como el azul mar, verde bosque y gris piedra, contrastados con toques de ocre y siena en el cielo. La pintura est\u00e1 enmarcada en un marco de doble banda, plateado y dorado, y est\u00e1 colgada sobre una moldura blanca en una pared de textura gruesa.<\/p>\n","protected":false},"excerpt":{"rendered":"<p>Esta es una pintura de estilo expresionista o impresionista que representa una escena de costa oscura y tormentosa. La obra, de pinceladas gruesas y texturizadas, muestra un mar agitado con espuma blanca rompiendo contra rocas oscuras y afiladas en primer plano. Detr\u00e1s de las rocas se extiende una pen\u00ednsula o isla boscosa de color verde [&hellip;]<\/p>\n","protected":false},"featured_media":1015,"comment_status":"open","ping_status":"closed","template":"","meta":{"_glsr_average":0,"_glsr_ranking":0,"_glsr_reviews":0},"product_brand":[],"product_cat":[19],"product_tag":[],"class_list":{"0":"post-1014","1":"product","2":"type-product","3":"status-publish","4":"has-post-thumbnail","6":"product_cat-uncategorized","8":"first","9":"instock","10":"sale","11":"shipping-taxable","12":"purchasable","13":"product-type-simple"},"_links":{"self":[{"href":"https:\/\/cuadrosperico.com\/index.php?rest_route=\/wp\/v2\/product\/1014","targetHints":{"allow":["GET"]}}],"collection":[{"href":"https:\/\/cuadrosperico.com\/index.php?rest_route=\/wp\/v2\/product"}],"about":[{"href":"https:\/\/cuadrosperico.com\/index.php?rest_route=\/wp\/v2\/types\/product"}],"replies":[{"embeddable":true,"href":"https:\/\/cuadrosperico.com\/index.php?rest_route=%2Fwp%2Fv2%2Fcomments&post=1014"}],"wp:featuredmedia":[{"embeddable":true,"href":"https:\/\/cuadrosperico.com\/index.php?rest_route=\/wp\/v2\/media\/1015"}],"wp:attachment":[{"href":"https:\/\/cuadrosperico.com\/index.php?rest_route=%2Fwp%2Fv2%2Fmedia&parent=1014"}],"wp:term":[{"taxonomy":"product_brand","embeddable":true,"href":"https:\/\/cuadrosperico.com\/index.php?rest_route=%2Fwp%2Fv2%2Fproduct_brand&post=1014"},{"taxonomy":"product_cat","embeddable":true,"href":"https:\/\/cuadrosperico.com\/index.php?rest_route=%2Fwp%2Fv2%2Fproduct_cat&post=1014"},{"taxonomy":"product_tag","embeddable":true,"href":"https:\/\/cuadrosperico.com\/index.php?rest_route=%2Fwp%2Fv2%2Fproduct_tag&post=1014"}],"curies":[{"name":"wp","href":"https:\/\/api.w.org\/{rel}","templated":true}]}}