{"id":1078,"date":"2026-03-12T21:19:58","date_gmt":"2026-03-12T21:19:58","guid":{"rendered":"https:\/\/cuadrosperico.com\/?post_type=product&#038;p=1078"},"modified":"2026-03-18T07:16:26","modified_gmt":"2026-03-18T07:16:26","slug":"un-rincon-tranquilo-63-50-cm","status":"publish","type":"product","link":"https:\/\/cuadrosperico.com\/?product=un-rincon-tranquilo-63-50-cm","title":{"rendered":"UN RINC\u00d3N TRANQUILO. 63\/50 cm."},"content":{"rendered":"<p><strong><b>Escena<\/b><\/strong>: Un rinc\u00f3n de un interior acogedor que muestra un sof\u00e1 cl\u00e1sico (tipo <em><i>Chesterfield<\/i><\/em>) junto a una l\u00e1mpara de mesa encendida que emite una luz c\u00e1lida.<\/p>\n<p><strong><b>Composici\u00f3n<\/b><\/strong>: Al fondo se aprecia un ventanal con cuarterones que deja ver un patio interior o una escalera, aportando profundidad a la estancia.<\/p>\n<p><strong><b>Estilo<\/b><\/strong>: Pintura al \u00f3leo con pinceladas suaves y texturizadas que crean una atm\u00f3sfera \u00edntima y relajada.<\/p>\n<p><strong><b>Colores<\/b><\/strong>: Predominan los tonos tierra, ocres y marrones, realzados por el resplandor amarillento de la l\u00e1mpara.<\/p>\n<p><strong><b>Sensaci\u00f3n<\/b><\/strong>: Transmite calma, calidez y confort dom\u00e9stico.<\/p>\n<p>SE VENDE SIN MARCO.<\/p>\n<p>&nbsp;<\/p>\n","protected":false},"excerpt":{"rendered":"<p>Escena: Un rinc\u00f3n de un interior acogedor que muestra un sof\u00e1 cl\u00e1sico (tipo Chesterfield) junto a una l\u00e1mpara de mesa encendida que emite una luz c\u00e1lida. Composici\u00f3n: Al fondo se aprecia un ventanal con cuarterones que deja ver un patio interior o una escalera, aportando profundidad a la estancia. Estilo: Pintura al \u00f3leo con pinceladas [&hellip;]<\/p>\n","protected":false},"featured_media":1079,"comment_status":"open","ping_status":"closed","template":"","meta":{"_glsr_average":0,"_glsr_ranking":0,"_glsr_reviews":0},"product_brand":[],"product_cat":[19],"product_tag":[],"class_list":{"0":"post-1078","1":"product","2":"type-product","3":"status-publish","4":"has-post-thumbnail","6":"product_cat-uncategorized","8":"first","9":"instock","10":"sale","11":"shipping-taxable","12":"purchasable","13":"product-type-simple"},"_links":{"self":[{"href":"https:\/\/cuadrosperico.com\/index.php?rest_route=\/wp\/v2\/product\/1078","targetHints":{"allow":["GET"]}}],"collection":[{"href":"https:\/\/cuadrosperico.com\/index.php?rest_route=\/wp\/v2\/product"}],"about":[{"href":"https:\/\/cuadrosperico.com\/index.php?rest_route=\/wp\/v2\/types\/product"}],"replies":[{"embeddable":true,"href":"https:\/\/cuadrosperico.com\/index.php?rest_route=%2Fwp%2Fv2%2Fcomments&post=1078"}],"wp:featuredmedia":[{"embeddable":true,"href":"https:\/\/cuadrosperico.com\/index.php?rest_route=\/wp\/v2\/media\/1079"}],"wp:attachment":[{"href":"https:\/\/cuadrosperico.com\/index.php?rest_route=%2Fwp%2Fv2%2Fmedia&parent=1078"}],"wp:term":[{"taxonomy":"product_brand","embeddable":true,"href":"https:\/\/cuadrosperico.com\/index.php?rest_route=%2Fwp%2Fv2%2Fproduct_brand&post=1078"},{"taxonomy":"product_cat","embeddable":true,"href":"https:\/\/cuadrosperico.com\/index.php?rest_route=%2Fwp%2Fv2%2Fproduct_cat&post=1078"},{"taxonomy":"product_tag","embeddable":true,"href":"https:\/\/cuadrosperico.com\/index.php?rest_route=%2Fwp%2Fv2%2Fproduct_tag&post=1078"}],"curies":[{"name":"wp","href":"https:\/\/api.w.org\/{rel}","templated":true}]}}