{"id":1195,"date":"2026-03-22T10:59:47","date_gmt":"2026-03-22T10:59:47","guid":{"rendered":"https:\/\/cuadrosperico.com\/?post_type=product&#038;p=1195"},"modified":"2026-03-23T10:40:57","modified_gmt":"2026-03-23T10:40:57","slug":"c-santillana-40-40-cm","status":"publish","type":"product","link":"https:\/\/cuadrosperico.com\/?product=c-santillana-40-40-cm","title":{"rendered":"C\/ SANTILLANA. 40\/40 cm."},"content":{"rendered":"<p>Esta pintura, mostrada en un elegante marco dorado y plateado, presenta una escena de calle adoquinada en una ciudad colonial europea o latinoamericana. Los edificios son altos y est\u00e1n pintados en tonos c\u00e1lidos de rojo, naranja y amarillo, con ventanas de color azul vibrante y balcones de madera en los niveles superiores. En primer plano, las siluetas de algunas personas caminan por la calle, que est\u00e1 flanqueada por las estructuras m\u00e1s oscuras. Al fondo, la calle asciende por una colina y se ven edificios blancos y una c\u00fapula bajo un cielo cubierto. El cuadro est\u00e1 iluminado por una luz suave que realza los colores c\u00e1lidos de los edificios y los detalles de las ventanas azules. La escena est\u00e1 enmarcada por un marco dorado y plateado muy trabajado.<\/p>\n","protected":false},"excerpt":{"rendered":"<p>NO EST\u00c1 ENMARCADO.<\/p>\n","protected":false},"featured_media":1206,"comment_status":"open","ping_status":"closed","template":"","meta":{"_glsr_average":0,"_glsr_ranking":0,"_glsr_reviews":0},"product_brand":[],"product_cat":[19],"product_tag":[],"class_list":{"0":"post-1195","1":"product","2":"type-product","3":"status-publish","4":"has-post-thumbnail","6":"product_cat-uncategorized","8":"first","9":"instock","10":"sale","11":"shipping-taxable","12":"purchasable","13":"product-type-simple"},"_links":{"self":[{"href":"https:\/\/cuadrosperico.com\/index.php?rest_route=\/wp\/v2\/product\/1195","targetHints":{"allow":["GET"]}}],"collection":[{"href":"https:\/\/cuadrosperico.com\/index.php?rest_route=\/wp\/v2\/product"}],"about":[{"href":"https:\/\/cuadrosperico.com\/index.php?rest_route=\/wp\/v2\/types\/product"}],"replies":[{"embeddable":true,"href":"https:\/\/cuadrosperico.com\/index.php?rest_route=%2Fwp%2Fv2%2Fcomments&post=1195"}],"wp:featuredmedia":[{"embeddable":true,"href":"https:\/\/cuadrosperico.com\/index.php?rest_route=\/wp\/v2\/media\/1206"}],"wp:attachment":[{"href":"https:\/\/cuadrosperico.com\/index.php?rest_route=%2Fwp%2Fv2%2Fmedia&parent=1195"}],"wp:term":[{"taxonomy":"product_brand","embeddable":true,"href":"https:\/\/cuadrosperico.com\/index.php?rest_route=%2Fwp%2Fv2%2Fproduct_brand&post=1195"},{"taxonomy":"product_cat","embeddable":true,"href":"https:\/\/cuadrosperico.com\/index.php?rest_route=%2Fwp%2Fv2%2Fproduct_cat&post=1195"},{"taxonomy":"product_tag","embeddable":true,"href":"https:\/\/cuadrosperico.com\/index.php?rest_route=%2Fwp%2Fv2%2Fproduct_tag&post=1195"}],"curies":[{"name":"wp","href":"https:\/\/api.w.org\/{rel}","templated":true}]}}