{"id":1222,"date":"2026-03-25T11:20:42","date_gmt":"2026-03-25T11:20:42","guid":{"rendered":"https:\/\/cuadrosperico.com\/?post_type=product&#038;p=1222"},"modified":"2026-03-25T11:20:42","modified_gmt":"2026-03-25T11:20:42","slug":"parador-de-c-rodrigo-40-35-cm","status":"publish","type":"product","link":"https:\/\/cuadrosperico.com\/?product=parador-de-c-rodrigo-40-35-cm","title":{"rendered":"PARADOR DE C. RODRIGO. 40\/35. cm."},"content":{"rendered":"<p>Esta pintura al \u00f3leo presenta un paisaje arquitect\u00f3nico pintoresco y atmosf\u00e9rico, ambientado en un momento que evoca el crep\u00fasculo o un d\u00eda nublado, con una paleta dominada por azules profundos y ocres terrosos.<\/p>\n<p>El punto focal de la composici\u00f3n es un gran torre\u00f3n cuadrado de piedra, de aspecto robusto e inacabado o en ruinas, que se alza prominentemente a la izquierda. Su superficie texturizada captura los sutiles matices de la luz y la sombra en tonos azulados y grises.<\/p>\n<p>A la derecha del torre\u00f3n, extendi\u00e9ndose a lo largo de la cima de una colina, se encuentra una muralla fortificada con almenas que protege un c\u00famulo de casas de pueblo con techos inclinados. La colina en s\u00ed est\u00e1 pintada en tonos amarillos y ocres, sugiriendo un terreno \u00e1rido o vegetaci\u00f3n seca. Una peque\u00f1a estructura blanca con un techo de tejas rojas se asienta en la base de la colina, cerca del borde inferior izquierdo de la pintura.<\/p>\n<p>Un puente de piedra con m\u00faltiples arcos cruza una extensi\u00f3n de agua en el primer plano. El agua est\u00e1 representada con pinceladas fluidas en varios tonos de azul, reflejando el cielo dram\u00e1tico y lleno de nubes arriba. Una arboleda de color verde oscuro se alinea a lo largo de las orillas del r\u00edo y en la base de la colina.<\/p>\n<p>El cielo ocupa la mitad superior de la pintura y est\u00e1 pintado con azules intensos y blancos cremosos, creando una sensaci\u00f3n de movimiento y atm\u00f3sfera. La firma del artista, \u00abPEDRO-04\u00bb, es visible en la esquina inferior izquierda.<\/p>\n<p>R<\/p>\n<p>&nbsp;<\/p>\n","protected":false},"excerpt":{"rendered":"<p>NO EST\u00c1 ENMARCADO.<\/p>\n","protected":false},"featured_media":1223,"comment_status":"open","ping_status":"closed","template":"","meta":{"_glsr_average":0,"_glsr_ranking":0,"_glsr_reviews":0},"product_brand":[],"product_cat":[19],"product_tag":[],"class_list":{"0":"post-1222","1":"product","2":"type-product","3":"status-publish","4":"has-post-thumbnail","6":"product_cat-uncategorized","8":"first","9":"instock","10":"sale","11":"shipping-taxable","12":"purchasable","13":"product-type-simple"},"_links":{"self":[{"href":"https:\/\/cuadrosperico.com\/index.php?rest_route=\/wp\/v2\/product\/1222","targetHints":{"allow":["GET"]}}],"collection":[{"href":"https:\/\/cuadrosperico.com\/index.php?rest_route=\/wp\/v2\/product"}],"about":[{"href":"https:\/\/cuadrosperico.com\/index.php?rest_route=\/wp\/v2\/types\/product"}],"replies":[{"embeddable":true,"href":"https:\/\/cuadrosperico.com\/index.php?rest_route=%2Fwp%2Fv2%2Fcomments&post=1222"}],"wp:featuredmedia":[{"embeddable":true,"href":"https:\/\/cuadrosperico.com\/index.php?rest_route=\/wp\/v2\/media\/1223"}],"wp:attachment":[{"href":"https:\/\/cuadrosperico.com\/index.php?rest_route=%2Fwp%2Fv2%2Fmedia&parent=1222"}],"wp:term":[{"taxonomy":"product_brand","embeddable":true,"href":"https:\/\/cuadrosperico.com\/index.php?rest_route=%2Fwp%2Fv2%2Fproduct_brand&post=1222"},{"taxonomy":"product_cat","embeddable":true,"href":"https:\/\/cuadrosperico.com\/index.php?rest_route=%2Fwp%2Fv2%2Fproduct_cat&post=1222"},{"taxonomy":"product_tag","embeddable":true,"href":"https:\/\/cuadrosperico.com\/index.php?rest_route=%2Fwp%2Fv2%2Fproduct_tag&post=1222"}],"curies":[{"name":"wp","href":"https:\/\/api.w.org\/{rel}","templated":true}]}}