{"id":1417,"date":"2026-07-20T15:36:10","date_gmt":"2026-07-20T15:36:10","guid":{"rendered":"https:\/\/cuadrosperico.com\/?post_type=product&#038;p=1417"},"modified":"2026-07-20T16:44:18","modified_gmt":"2026-07-20T16:44:18","slug":"plaza-mayor-de-c-rodrigo-dia-40-30","status":"publish","type":"product","link":"https:\/\/cuadrosperico.com\/?product=plaza-mayor-de-c-rodrigo-dia-40-30","title":{"rendered":"PLAZA MAYOR DE C. RODRIGO. Dia. 40\/30 ."},"content":{"rendered":"<div class=\"container\">\n<div id=\"model-response-message-contentr_db74176097083882\" class=\"markdown markdown-main-panel enable-luminous-fast-follows enable-updated-hr-color\" dir=\"ltr\" aria-busy=\"false\" aria-live=\"polite\">\n<ul data-path-to-node=\"1\">\n<li>\n<p data-path-to-node=\"1,0,0\"><b data-path-to-node=\"1,0,0\" data-index-in-node=\"0\">Composici\u00f3n y Encuadre:<\/b> La obra presenta un paisaje urbano de amplia perspectiva que muestra una de las calles o plazas c\u00e9ntricas de Ciudad Rodrigo. Las l\u00edneas de fuga convergentes de los edificios a ambos lados gu\u00edan la mirada hacia el fondo de la plaza, generando una notable sensaci\u00f3n de profundidad espacial.<\/p>\n<\/li>\n<li>\n<p data-path-to-node=\"1,1,0\"><b data-path-to-node=\"1,1,0\" data-index-in-node=\"0\">Arquitectura y Detalles:<\/b> A lo largo de la v\u00eda se disponen edificios de arquitectura tradicional castellana con fachadas de varios pisos, balconadas de hierro forjado, portales y galer\u00edas. En el lateral izquierdo sobresalen estructuras con toldos y zonas de terrazas o veladores.<\/p>\n<\/li>\n<li>\n<p data-path-to-node=\"1,2,0\"><b data-path-to-node=\"1,2,0\" data-index-in-node=\"0\">Vida y Figuras:<\/b> La escena est\u00e1 dotada de dinamismo cotidiano gracias a la presencia de viandantes en el plano medio paseando por la calle, entre los que destaca un grupo c\u00e9ntrico caminando en direcci\u00f3n al espectador.<\/p>\n<\/li>\n<li>\n<p data-path-to-node=\"1,3,0\"><b data-path-to-node=\"1,3,0\" data-index-in-node=\"0\">Luz y Paleta Crom\u00e1tica:<\/b> Domina una iluminaci\u00f3n diurna, clara y difusa que ba\u00f1a toda la composici\u00f3n. La paleta crom\u00e1tica se basa en armoniosos tonos c\u00e1lidos de la piedra y el mortero \u2014ocres, almagres, amarillos y tostados\u2014 contrastados con tonos neutros en el pavimento y la suavidad luminosa del cielo.<\/p>\n<\/li>\n<\/ul>\n<\/div>\n<\/div>\n<p>Recreaci\u00f3n de una ma\u00f1ana tranquila a la hora de tomar algo t\u00edpico en las terrazas de la plaza.<\/p>\n<p>\u00d3leo sobre tabla.<\/p>\n","protected":false},"excerpt":{"rendered":"<p>Composici\u00f3n y Encuadre: La obra presenta un paisaje urbano de amplia perspectiva que muestra una de las calles o plazas c\u00e9ntricas de Ciudad Rodrigo. Las l\u00edneas de fuga convergentes de los edificios a ambos lados gu\u00edan la mirada hacia el fondo de la plaza, generando una notable sensaci\u00f3n de profundidad espacial. Arquitectura y Detalles: A [&hellip;]<\/p>\n","protected":false},"featured_media":1419,"comment_status":"open","ping_status":"closed","template":"","meta":{"_glsr_average":0,"_glsr_ranking":0,"_glsr_reviews":0},"product_brand":[],"product_cat":[19],"product_tag":[],"class_list":{"0":"post-1417","1":"product","2":"type-product","3":"status-publish","4":"has-post-thumbnail","6":"product_cat-uncategorized","8":"first","9":"instock","10":"sale","11":"shipping-taxable","12":"purchasable","13":"product-type-simple"},"_links":{"self":[{"href":"https:\/\/cuadrosperico.com\/index.php?rest_route=\/wp\/v2\/product\/1417","targetHints":{"allow":["GET"]}}],"collection":[{"href":"https:\/\/cuadrosperico.com\/index.php?rest_route=\/wp\/v2\/product"}],"about":[{"href":"https:\/\/cuadrosperico.com\/index.php?rest_route=\/wp\/v2\/types\/product"}],"replies":[{"embeddable":true,"href":"https:\/\/cuadrosperico.com\/index.php?rest_route=%2Fwp%2Fv2%2Fcomments&post=1417"}],"wp:featuredmedia":[{"embeddable":true,"href":"https:\/\/cuadrosperico.com\/index.php?rest_route=\/wp\/v2\/media\/1419"}],"wp:attachment":[{"href":"https:\/\/cuadrosperico.com\/index.php?rest_route=%2Fwp%2Fv2%2Fmedia&parent=1417"}],"wp:term":[{"taxonomy":"product_brand","embeddable":true,"href":"https:\/\/cuadrosperico.com\/index.php?rest_route=%2Fwp%2Fv2%2Fproduct_brand&post=1417"},{"taxonomy":"product_cat","embeddable":true,"href":"https:\/\/cuadrosperico.com\/index.php?rest_route=%2Fwp%2Fv2%2Fproduct_cat&post=1417"},{"taxonomy":"product_tag","embeddable":true,"href":"https:\/\/cuadrosperico.com\/index.php?rest_route=%2Fwp%2Fv2%2Fproduct_tag&post=1417"}],"curies":[{"name":"wp","href":"https:\/\/api.w.org\/{rel}","templated":true}]}}

<div class="container">
<div id="model-response-message-contentr_db74176097083882" class="markdown markdown-main-panel enable-luminous-fast-follows enable-updated-hr-color" dir="ltr" aria-busy="false" aria-live="polite">
<ul data-path-to-node="1">
<li>
<p data-path-to-node="1,0,0"><b data-path-to-node="1,0,0" data-index-in-node="0">Composición y Encuadre:</b> La obra presenta un paisaje urbano de amplia perspectiva que muestra una de las calles o plazas céntricas de Ciudad Rodrigo. Las líneas de fuga convergentes de los edificios a ambos lados guían la mirada hacia el fondo de la plaza, generando una notable sensación de profundidad espacial.</p>
</li>
<li>
<p data-path-to-node="1,1,0"><b data-path-to-node="1,1,0" data-index-in-node="0">Arquitectura y Detalles:</b> A lo largo de la vía se disponen edificios de arquitectura tradicional castellana con fachadas de varios pisos, balconadas de hierro forjado, portales y galerías. En el lateral izquierdo sobresalen estructuras con toldos y zonas de terrazas o veladores.</p>
</li>
<li>
<p data-path-to-node="1,2,0"><b data-path-to-node="1,2,0" data-index-in-node="0">Vida y Figuras:</b> La escena está dotada de dinamismo cotidiano gracias a la presencia de viandantes en el plano medio paseando por la calle, entre los que destaca un grupo céntrico caminando en dirección al espectador.</p>
</li>
<li>
<p data-path-to-node="1,3,0"><b data-path-to-node="1,3,0" data-index-in-node="0">Luz y Paleta Cromática:</b> Domina una iluminación diurna, clara y difusa que baña toda la composición. La paleta cromática se basa en armoniosos tonos cálidos de la piedra y el mortero —ocres, almagres, amarillos y tostados— contrastados con tonos neutros en el pavimento y la suavidad luminosa del cielo.</p>
</li>
</ul>
</div>
</div>
<p>Recreación de una mañana tranquila a la hora de tomar algo típico en las terrazas de la plaza.</p>
<p>Óleo sobre tabla.</p>

<p>Composición y Encuadre: La obra presenta un paisaje urbano de amplia perspectiva que muestra una de las calles o plazas céntricas de Ciudad Rodrigo. Las líneas de fuga convergentes de los edificios a ambos lados guían la mirada hacia el fondo de la plaza, generando una notable sensación de profundidad espacial. Arquitectura y Detalles: A [&hellip;]</p>
