{"id":901,"date":"2026-03-06T15:35:07","date_gmt":"2026-03-06T15:35:07","guid":{"rendered":"https:\/\/cuadrosperico.com\/?post_type=product&#038;p=901"},"modified":"2026-03-10T15:10:42","modified_gmt":"2026-03-10T15:10:42","slug":"catedral-de-valencia","status":"publish","type":"product","link":"https:\/\/cuadrosperico.com\/?product=catedral-de-valencia","title":{"rendered":"CATEDRAL DE VALENCIA. 40\/30. cm."},"content":{"rendered":"<p>Esta pintura es un paisaje urbano detallado que captura la esencia de una calle hist\u00f3rica, con un estilo que combina el realismo con una atm\u00f3sfera vibrante y concurrida.<\/p>\n<p>La obra utiliza una <strong><b>perspectiva de punto de fuga central<\/b><\/strong>, guiando la mirada del espectador a trav\u00e9s de una calle estrecha flanqueada por edificios altos. Al fondo, se alza la\u00a0catedral que domina el horizonte, sirviendo como eje visual de la composici\u00f3n.<\/p>\n<p><strong><b>Los Edificios:<\/b><\/strong>\u00a0Presentan una arquitectura cl\u00e1sica con balcones de hierro forjado, grandes ventanales y fachadas de piedra o estuco en tonos ocres, cremas y marrones. Se aprecian detalles de escaparates en las plantas bajas, lo que sugiere una zona comercial activa.<\/p>\n<p><strong><b>La Calle:<\/b><\/strong>\u00a0Es una v\u00eda peatonal de tonos claros (posiblemente adoquines) que refleja la luz, creando un contraste con las sombras proyectadas por los edificios laterales.<\/p>\n<p><strong><b>Presencia Humana:<\/b><\/strong>\u00a0Se observan varias figuras humanas esquem\u00e1ticas caminando por la calle, lo que aporta movimiento y una escala real a la escena. Las figuras est\u00e1n resueltas con pinceladas r\u00e1pidas, integr\u00e1ndose en el entorno.<\/p>\n<p><strong><b>Atm\u00f3sfera:<\/b><\/strong>\u00a0La iluminaci\u00f3n parece de atardecer o de un d\u00eda nublado, con un cielo oscuro que resalta la iluminaci\u00f3n de la calle y las fachadas, otorgando a la obra un aire nost\u00e1lgico y elegante.<\/p>\n<p>&nbsp;<\/p>\n","protected":false},"excerpt":{"rendered":"<p>\u00d3LEO SOBRE TABLA<\/p>\n<p>40\/30 cm.<\/p>\n","protected":false},"featured_media":903,"comment_status":"open","ping_status":"closed","template":"","meta":{"_glsr_average":0,"_glsr_ranking":0,"_glsr_reviews":0},"product_brand":[],"product_cat":[19],"product_tag":[],"class_list":{"0":"post-901","1":"product","2":"type-product","3":"status-publish","4":"has-post-thumbnail","6":"product_cat-uncategorized","8":"first","9":"instock","10":"sale","11":"shipping-taxable","12":"purchasable","13":"product-type-simple"},"_links":{"self":[{"href":"https:\/\/cuadrosperico.com\/index.php?rest_route=\/wp\/v2\/product\/901","targetHints":{"allow":["GET"]}}],"collection":[{"href":"https:\/\/cuadrosperico.com\/index.php?rest_route=\/wp\/v2\/product"}],"about":[{"href":"https:\/\/cuadrosperico.com\/index.php?rest_route=\/wp\/v2\/types\/product"}],"replies":[{"embeddable":true,"href":"https:\/\/cuadrosperico.com\/index.php?rest_route=%2Fwp%2Fv2%2Fcomments&post=901"}],"wp:featuredmedia":[{"embeddable":true,"href":"https:\/\/cuadrosperico.com\/index.php?rest_route=\/wp\/v2\/media\/903"}],"wp:attachment":[{"href":"https:\/\/cuadrosperico.com\/index.php?rest_route=%2Fwp%2Fv2%2Fmedia&parent=901"}],"wp:term":[{"taxonomy":"product_brand","embeddable":true,"href":"https:\/\/cuadrosperico.com\/index.php?rest_route=%2Fwp%2Fv2%2Fproduct_brand&post=901"},{"taxonomy":"product_cat","embeddable":true,"href":"https:\/\/cuadrosperico.com\/index.php?rest_route=%2Fwp%2Fv2%2Fproduct_cat&post=901"},{"taxonomy":"product_tag","embeddable":true,"href":"https:\/\/cuadrosperico.com\/index.php?rest_route=%2Fwp%2Fv2%2Fproduct_tag&post=901"}],"curies":[{"name":"wp","href":"https:\/\/api.w.org\/{rel}","templated":true}]}}