{"id":953,"date":"2026-03-09T10:01:52","date_gmt":"2026-03-09T10:01:52","guid":{"rendered":"https:\/\/cuadrosperico.com\/?post_type=product&#038;p=953"},"modified":"2026-03-26T11:07:30","modified_gmt":"2026-03-26T11:07:30","slug":"marina-de-la-magdalena-desde-el-campo-de-gol","status":"publish","type":"product","link":"https:\/\/cuadrosperico.com\/?product=marina-de-la-magdalena-desde-el-campo-de-gol","title":{"rendered":"PALACIO DE LA MAGDALENA DESDE EL CAMPO DE GOLF"},"content":{"rendered":"<h3><strong><b>Perspectiva:<\/b><\/strong><strong><b>\u00a0La obra presenta una vista panor\u00e1mica de una costa desde un punto elevado. Se divide en franjas horizontales claras: un primer plano oscuro (posiblemente rocas o sombra), una franja de c\u00e9sped vibrante, el mar azul y el cielo.<\/b><\/strong><\/h3>\n<p><strong><b>Paisaje:<\/b><\/strong>\u00a0En el centro se observa una bah\u00eda con una peque\u00f1a pen\u00ednsula o isla, y al fondo una l\u00ednea de costa salpicada de edificaciones que sugieren un entorno urbano o tur\u00edstico.<\/p>\n<h3><strong><b>Paleta:<\/b><\/strong><strong><b>\u00a0Predominan los <\/b><\/strong><strong><b>azules intensos<\/b><\/strong><strong><b>\u00a0en el agua y el cielo, contrastados con un <\/b><\/strong><strong><b>verde brillante<\/b><\/strong><strong><b>\u00a0en la vegetaci\u00f3n del medio y tonos tierra\/oscuros en la base.<\/b><\/strong><\/h3>\n<p><strong><b>T\u00e9cnica:<\/b><\/strong>\u00a0Se aprecian pinceladas sueltas y texturizadas que aportan movimiento, especialmente en las nubes y el oleaje. No busca el realismo detallado, sino captar la luz y la atm\u00f3sfera del lugar.<\/p>\n<p><strong><b>Luz:<\/b><\/strong>\u00a0El cielo, con nubes blancas y ros\u00e1ceas, sugiere una luz de media tarde, dando una sensaci\u00f3n de frescura y ampliaci\u00f3n.<\/p>\n<p>SE VENDE SIN MARCO.<\/p>\n","protected":false},"excerpt":{"rendered":"<p>\u00d3LEO SOBRE TABLA.<\/p>\n<p>SE VENDE SIN MARCO.<\/p>\n","protected":false},"featured_media":954,"comment_status":"open","ping_status":"closed","template":"","meta":{"_glsr_average":0,"_glsr_ranking":0,"_glsr_reviews":0},"product_brand":[],"product_cat":[19],"product_tag":[],"class_list":{"0":"post-953","1":"product","2":"type-product","3":"status-publish","4":"has-post-thumbnail","6":"product_cat-uncategorized","8":"first","9":"instock","10":"sale","11":"shipping-taxable","12":"purchasable","13":"product-type-simple"},"_links":{"self":[{"href":"https:\/\/cuadrosperico.com\/index.php?rest_route=\/wp\/v2\/product\/953","targetHints":{"allow":["GET"]}}],"collection":[{"href":"https:\/\/cuadrosperico.com\/index.php?rest_route=\/wp\/v2\/product"}],"about":[{"href":"https:\/\/cuadrosperico.com\/index.php?rest_route=\/wp\/v2\/types\/product"}],"replies":[{"embeddable":true,"href":"https:\/\/cuadrosperico.com\/index.php?rest_route=%2Fwp%2Fv2%2Fcomments&post=953"}],"wp:featuredmedia":[{"embeddable":true,"href":"https:\/\/cuadrosperico.com\/index.php?rest_route=\/wp\/v2\/media\/954"}],"wp:attachment":[{"href":"https:\/\/cuadrosperico.com\/index.php?rest_route=%2Fwp%2Fv2%2Fmedia&parent=953"}],"wp:term":[{"taxonomy":"product_brand","embeddable":true,"href":"https:\/\/cuadrosperico.com\/index.php?rest_route=%2Fwp%2Fv2%2Fproduct_brand&post=953"},{"taxonomy":"product_cat","embeddable":true,"href":"https:\/\/cuadrosperico.com\/index.php?rest_route=%2Fwp%2Fv2%2Fproduct_cat&post=953"},{"taxonomy":"product_tag","embeddable":true,"href":"https:\/\/cuadrosperico.com\/index.php?rest_route=%2Fwp%2Fv2%2Fproduct_tag&post=953"}],"curies":[{"name":"wp","href":"https:\/\/api.w.org\/{rel}","templated":true}]}}